{"id":94,"date":"2020-11-11T19:24:23","date_gmt":"2020-11-11T19:24:23","guid":{"rendered":"http:\/\/www.uryanhizirocagi.com\/?page_id=94"},"modified":"2020-11-11T20:00:27","modified_gmt":"2020-11-11T20:00:27","slug":"uryan-hizir-ve-ocaklarla-iliskisi","status":"publish","type":"page","link":"http:\/\/www.uryanhizirocagi.com\/?page_id=94","title":{"rendered":"\u00dcryan H\u0131z\u0131r ve Ocaklarla \u0130li\u015fkisi"},"content":{"rendered":"\n<p>Menak\u0131bnameye g\u00f6re \u00dcryan H\u0131z\u0131r Oca\u011f\u0131na ikrar veren ocaklardan baz\u0131lar\u0131 ;<br><br>*Garib Musa oyma\u011f\u0131yla m\u00fcridlerdir.<br>*A\u011fui\u00e7en oyma\u011f\u0131yla m\u00fcridlerdir.<br>*Del\u00fc Bilican (Del\u00fc Berhucan) oyma\u011f\u0131yla m\u00fcridlerdir.<br>*Musa-i Herdi oyma\u011f\u0131yla m\u00fcridlerdir.<br>*Sinemilli oyma\u011f\u0131yla m\u00fcridlerdir.<br>*Memzerli oyma\u011f\u0131yla m\u00fcridlerdir.<br>*Deliba\u015fl\u0131 oyma\u011f\u0131yla m\u00fcridlerdir.<br>*H\u00fbby\u00e2rl\u0131 oyma\u011f\u0131yla m\u00fcridlerdir.<br>*Melki\u015f Beyleri oyma\u011f\u0131yla m\u00fcridlerdir.<br>*Kirarebi Mavan (Kerarre bi-mavale) oyma\u011f\u0131yla m\u00fcridlerdir.<br>*G\u00f6rm\u00fc\u015fl\u00fc Orum oyma\u011f\u0131yla m\u00fcridlerdir.<br>*Bezazi oyma\u011f\u0131yla m\u00fcridlerdir.<br>*Eng\u00fczek oyma\u011f\u0131yla m\u00fcridlerdir.<br>*Kiri\u015f oyma\u011f\u0131yla m\u00fcridlerdir.<br>*K\u0131l\u0131\u00e7l\u0131 oyma\u011f\u0131yla m\u00fcridlerdir.<br>*Ku\u015f\u00e7ulu oyma\u011f\u0131yla m\u00fcridlerdir.<br>*Derikanlu oyma\u011f\u0131yla m\u00fcridlerdir.<br>*G\u00f6\u00e7\u00fcl\u00fc oyma\u011f\u0131yla m\u00fcridlerdir.<br>*Dink (Denk) oyma\u011f\u0131yla m\u00fcridlerdir.<br>*Mukur oyma\u011f\u0131yla m\u00fcridlerdir.<br>*Atcalu (Atmalu) oyma\u011f\u0131yla m\u00fcridlerdir.<br>*Ke\u015fanlu oyma\u011f\u0131yla m\u00fcridlerdir.<br>*Yabanlu oyma\u011f\u0131yla m\u00fcridlerdir.<br>*\u015eeyh Kanlu oyma\u011f\u0131yla m\u00fcridlerdir.<br>*Ya\u015flu oyma\u011f\u0131yla m\u00fcridlerdir.<br>*Baran oyma\u011f\u0131yla m\u00fcridlerdir.<br>*Kamh\u0131 oyma\u011f\u0131yla m\u00fcridlerdir.<br>*Gend\u00fcsi (Kend\u00fcsi) oyma\u011f\u0131yla m\u00fcridlerdir.<br>*K\u0131z\u0131l Ma\u011faral\u0131 oyma\u011f\u0131yla m\u00fcridlerdir.<br>*Seydin oyma\u011f\u0131yla m\u00fcridlerdir.<br>*A\u011fakebir (A\u011fakin) oyma\u011f\u0131yla m\u00fcridlerdir.<br>*Kalenderl\u00fc oyma\u011f\u0131yla m\u00fcridlerdir.<br>*S\u00fcrg\u00fc\u00e7l\u00fc oyma\u011f\u0131yla m\u00fcridlerdir.<br>*Kazal\u0131 oyma\u011f\u0131yla m\u00fcridlerdir.<br>*Kavakl\u0131 oyma\u011f\u0131yla m\u00fcridlerdir.<br>*Perzeli oyma\u011f\u0131yla m\u00fcridlerdir.<br>*G\u00fcm\u00fc\u015fkanl\u0131 oyma\u011f\u0131yla m\u00fcridlerdir.<br>*\u00c7avu\u015flu oyma\u011f\u0131yla m\u00fcridlerdir.<br>*Emirda\u015f oyma\u011f\u0131yla m\u00fcridlerdir.<br>*Ho\u015fti oyma\u011f\u0131yla m\u00fcridlerdir.<br>*Kazazi oyma\u011f\u0131yla m\u00fcridlerdir.<br>*Erg\u00fcn (Erg\u00fck) oyma\u011f\u0131yla m\u00fcridlerdir.<br>*A\u015fa\u011f\u0131 Erg\u00fcn (A\u015fa\u011f\u0131 Erg\u00fck) oyma\u011f\u0131yla m\u00fcridlerdir.<br>*\u00c7er\u00e7em oyma\u011f\u0131yla m\u00fcridlerdir.<br>*Gercan oyma\u011f\u0131yla m\u00fcridlerdir.<br>*M\u00fcrkanlu (M\u00fbrganl\u0131) oyma\u011f\u0131yla m\u00fcridlerdir.<br>*Akkoyunlu oyma\u011f\u0131yla m\u00fcridlerdir.<br>*Cengiz Han oyma\u011f\u0131yla m\u00fcridlerdir.<br>*Horbazl\u0131 oyma\u011f\u0131yla m\u00fcridlerdir.<br>*Mamal\u0131 oyma\u011f\u0131yla m\u00fcridlerdir.<br>*\u00c7erha\u015fl\u0131 oyma\u011f\u0131yla m\u00fcridlerdir.<br>*Kara K\u00fcrd oyma\u011f\u0131yla m\u00fcridlerdir.<br>*\u015ead\u0131ll\u0131 oyma\u011f\u0131yla m\u00fcridlerdir.<br>*\u015eakakl\u0131 oyma\u011f\u0131yla m\u00fcridlerdir.<br>*\u00c7epnili oyma\u011f\u0131yla m\u00fcridlerdir.<br>*Kara \u00c7ukal\u0131 oyma\u011f\u0131yla m\u00fcridlerdir.<br>*Tahtac\u0131 oyma\u011f\u0131yla m\u00fcridlerdir.<\/p>\n\n\n\n<p><\/p>\n","protected":false},"excerpt":{"rendered":"<p>Menak\u0131bnameye g\u00f6re \u00dcryan H\u0131z\u0131r Oca\u011f\u0131na ikrar veren ocaklardan baz\u0131lar\u0131 ; *Garib Musa oyma\u011f\u0131yla m\u00fcridlerdir.*A\u011fui\u00e7en oyma\u011f\u0131yla m\u00fcridlerdir.*Del\u00fc Bilican (Del\u00fc Berhucan) oyma\u011f\u0131yla m\u00fcridlerdir.*Musa-i Herdi oyma\u011f\u0131yla m\u00fcridlerdir.*Sinemilli oyma\u011f\u0131yla<\/p>\n","protected":false},"author":1,"featured_media":0,"parent":91,"menu_order":0,"comment_status":"closed","ping_status":"closed","template":"","meta":{"footnotes":""},"class_list":["post-94","page","type-page","status-publish","hentry"],"_links":{"self":[{"href":"http:\/\/www.uryanhizirocagi.com\/index.php?rest_route=\/wp\/v2\/pages\/94","targetHints":{"allow":["GET"]}}],"collection":[{"href":"http:\/\/www.uryanhizirocagi.com\/index.php?rest_route=\/wp\/v2\/pages"}],"about":[{"href":"http:\/\/www.uryanhizirocagi.com\/index.php?rest_route=\/wp\/v2\/types\/page"}],"author":[{"embeddable":true,"href":"http:\/\/www.uryanhizirocagi.com\/index.php?rest_route=\/wp\/v2\/users\/1"}],"replies":[{"embeddable":true,"href":"http:\/\/www.uryanhizirocagi.com\/index.php?rest_route=%2Fwp%2Fv2%2Fcomments&post=94"}],"version-history":[{"count":1,"href":"http:\/\/www.uryanhizirocagi.com\/index.php?rest_route=\/wp\/v2\/pages\/94\/revisions"}],"predecessor-version":[{"id":95,"href":"http:\/\/www.uryanhizirocagi.com\/index.php?rest_route=\/wp\/v2\/pages\/94\/revisions\/95"}],"up":[{"embeddable":true,"href":"http:\/\/www.uryanhizirocagi.com\/index.php?rest_route=\/wp\/v2\/pages\/91"}],"wp:attachment":[{"href":"http:\/\/www.uryanhizirocagi.com\/index.php?rest_route=%2Fwp%2Fv2%2Fmedia&parent=94"}],"curies":[{"name":"wp","href":"https:\/\/api.w.org\/{rel}","templated":true}]}}