{"id":91,"date":"2020-11-11T17:46:28","date_gmt":"2020-11-11T17:46:28","guid":{"rendered":"http:\/\/www.uryanhizirocagi.com\/?page_id=91"},"modified":"2020-12-26T12:55:52","modified_gmt":"2020-12-26T12:55:52","slug":"uryan-hizir-sultan-hidir","status":"publish","type":"page","link":"http:\/\/www.uryanhizirocagi.com\/","title":{"rendered":"\u00dcryan H\u0131z\u0131r &#8211; (Sultan H\u0131d\u0131r)"},"content":{"rendered":"\n<div class=\"wp-block-media-text alignwide is-stacked-on-mobile\"><figure class=\"wp-block-media-text__media\"><img loading=\"lazy\" decoding=\"async\" width=\"1024\" height=\"768\" src=\"http:\/\/www.uryanhizirocagi.com\/wp-content\/uploads\/2020\/10\/resim123-1024x768.jpg\" alt=\"\" class=\"wp-image-4 size-full\" srcset=\"http:\/\/www.uryanhizirocagi.com\/wp-content\/uploads\/2020\/10\/resim123-1024x768.jpg 1024w, http:\/\/www.uryanhizirocagi.com\/wp-content\/uploads\/2020\/10\/resim123-300x225.jpg 300w, http:\/\/www.uryanhizirocagi.com\/wp-content\/uploads\/2020\/10\/resim123-768x576.jpg 768w, http:\/\/www.uryanhizirocagi.com\/wp-content\/uploads\/2020\/10\/resim123-1536x1152.jpg 1536w, http:\/\/www.uryanhizirocagi.com\/wp-content\/uploads\/2020\/10\/resim123-2048x1536.jpg 2048w\" sizes=\"auto, (max-width: 1024px) 100vw, 1024px\" \/><\/figure><div class=\"wp-block-media-text__content\">\n<p>\u00dcryan H\u0131z\u0131r, Muhammed Ali neslinden keramet sahibi, velilik mertebesinde ulu bir Kamil-i M\u00fcr\u015fit\u2019tir. 13.y\u00fczy\u0131lda, Pertek il\u00e7esi Zeve k\u00f6y\u00fcnde ya\u015fam\u0131\u015ft\u0131r. T\u00fcrbesi halen bu k\u00f6ydedir. \u00dcryan H\u0131z\u0131r, pek \u00e7ok oca\u011f\u0131n m\u00fcr\u015fit oca\u011f\u0131d\u0131r. Sultan H\u0131d\u0131r di\u011fer ad\u0131d\u0131r.<\/p>\n<\/div><\/div>\n\n\n\n<p>OCAK TAL\u0130PLER\u0130<\/p>\n\n\n\n<p>Ocak Talipleri Tunceli, Malatya, Erzurum, Erzincan, Sivas, Ordu, Amasya, Ad\u0131yaman, Mara\u015f, Adana, \u00c7orum, Gaziantep gibi bir \u00e7ok \u015fehir ve \u00fclkelerde ya\u015famaktad\u0131r.<\/p>\n","protected":false},"excerpt":{"rendered":"<p>\u00dcryan H\u0131z\u0131r, Muhammed Ali neslinden keramet sahibi, velilik mertebesinde ulu bir Kamil-i M\u00fcr\u015fit\u2019tir. 13.y\u00fczy\u0131lda, Pertek il\u00e7esi Zeve k\u00f6y\u00fcnde ya\u015fam\u0131\u015ft\u0131r. T\u00fcrbesi halen bu k\u00f6ydedir. \u00dcryan H\u0131z\u0131r,<\/p>\n","protected":false},"author":1,"featured_media":0,"parent":0,"menu_order":0,"comment_status":"closed","ping_status":"closed","template":"","meta":{"footnotes":""},"class_list":["post-91","page","type-page","status-publish","hentry"],"_links":{"self":[{"href":"http:\/\/www.uryanhizirocagi.com\/index.php?rest_route=\/wp\/v2\/pages\/91","targetHints":{"allow":["GET"]}}],"collection":[{"href":"http:\/\/www.uryanhizirocagi.com\/index.php?rest_route=\/wp\/v2\/pages"}],"about":[{"href":"http:\/\/www.uryanhizirocagi.com\/index.php?rest_route=\/wp\/v2\/types\/page"}],"author":[{"embeddable":true,"href":"http:\/\/www.uryanhizirocagi.com\/index.php?rest_route=\/wp\/v2\/users\/1"}],"replies":[{"embeddable":true,"href":"http:\/\/www.uryanhizirocagi.com\/index.php?rest_route=%2Fwp%2Fv2%2Fcomments&post=91"}],"version-history":[{"count":3,"href":"http:\/\/www.uryanhizirocagi.com\/index.php?rest_route=\/wp\/v2\/pages\/91\/revisions"}],"predecessor-version":[{"id":173,"href":"http:\/\/www.uryanhizirocagi.com\/index.php?rest_route=\/wp\/v2\/pages\/91\/revisions\/173"}],"wp:attachment":[{"href":"http:\/\/www.uryanhizirocagi.com\/index.php?rest_route=%2Fwp%2Fv2%2Fmedia&parent=91"}],"curies":[{"name":"wp","href":"https:\/\/api.w.org\/{rel}","templated":true}]}}